e 11 + 46 + 14 + (-24 - -3).
50
(-116 - (-7 - 208)) + -149
-50
Evaluate -48 + (115 - (78 - 38)).
27
32 + (-14 - -2) + (16 - (5 - 13))
44
(0 - -47) + (-15 - (21 + (-19 - 18)))
48
What is the value of (143 + -67 - 10) + -25?
41
-9 + -61 + (-12 - (-14 - 6) - 10 - 9)
-81
Evaluate -232 - -156 - (-14 + -2).
-60
(-6 - (-8 + (-1 - -127) + -4)) + (-238 - -250)
-108
27 + (60 - 7) + 53 + -51
82
Calculate 89 - (-4 - 3 - (4 + 10 + -11)).
99
Calculate -4 - ((3 - 12) + (-6 - (-4 + 4 + -2))).
9
What is 8 - (17 + -13 + -3 + 49)?
-42
What is the value of 6 + -5 - -45 - (-19 + (-34 - -66))?
33
Evaluate 19 + -26 + 68 - 10 - -18.
69
What is -31 - ((-8 - -1) + (37 - 31)) - (4 + 4)?
-38
Evaluate -1 + -1 + 73 - (123 + (-100 - 6)).
54
Calculate -10 - (11 + -7) - (-23 + 44 + -38).
3
(25 - (140 - 29)) + 8 + 33
-45
Evaluate -54 - -73 - ((9 - 7) + 0 + -1).
18
Calculate -51 + -29 + 19 + 44.
-17
What is the value of (1 - (38 - 28)) + 3 + 69?
63
What is the value of (-10 - (25 + -81)) + (5 - (-5 + 4))?
52
Calculate (-18 - -36) + -30 + 4 - (-53 - -2).
43
(-20 - (7 + -9)) + 27 + 49
58
30 - (-47 + 180 - 64)
-39
Calculate -14 - (-53 + (9 - -5 - 18)).
43
What is (-1 - ((-43 - 1) + -1)) + (14208 - 14198)?
54
What is (-15 - -20) + -70 - -22?
-43
What is the value of 111 - -1 - (34 + (-107 - -39) - -12)?
134
Evaluate 19 - (9 + (-3 - 1) + 13).
1
What is (-31 + 17 - (-107 + 59)) + 0 + -1?
33
(0 - 0 - 9 - (-26 + 68 + -65)) + -88
-74
Evaluate 15 - 65 - (-5 - (-1 + 1) - (238 - 237)).
-44
Evaluate 7779 + -7963 + 136 + 0.
-48
What is the value of 225 - (298 - 76) - (-1 - -21)?
-17
Evaluate 21 + -33 - (-12 + -11 + -8).
19
(-44 - (10 + -65)) + -53
-42
-24 - -2 - (-3296 + 3309)
-35
Calculate 34 - -1 - ((-1 - -22) + (274 - 302)).
42
Evaluate -65 + 91 + (9 - 52).
-17
Evaluate 18 - 54 - -116 - -69.
149
Calculate 35 - (59 - -17 - (9 - 40)).
-72
Evaluate (7 + -49 - (-1 - 28)) + 114.
101
Calculate 103 + -1 - ((-55 - (-82 + 19)) + 11).
83
Evaluate -9 + 7 - (2 + -27 + (8 - 7)).
22
What is the value of 44 - (44 + -55 + 38 + 6)?
11
Evaluate -128 - (-37 + -31) - -113.
53
1 + 1 + 1 + -12 + 2724 + -2729
-14
Evaluate 22 - (74 - (12 + (-12 - -3))).
-49
Evaluate -25 + 54 + -23 - (66 - 0) - (13 - -1).
-74
(-50 + 143 - 13) + 8
88
78 - 136 - -2 - -42
-14
Evaluate -38 - (16 + -6 - (-6 - (-32 - -2))).
-24
What is the value of -10 - (55 - 15 - 16) - (3 + 2 - -3)?
-42
Evaluate 2 + 0 + (587 - 587) - (-1 + -28 - 4).
35
7 + (-2 - (-3 + 0)) + -13 + 5 + 46
46
-48 - (4 + -51 + 22)
-23
Calculate (-11 - 39) + -5 - 19.
-74
Calculate (-7 - 5) + -1 + (-2 - (5 + -5)).
-15
(0 - -11) + (63 - 84)
-10
What is -57 + 156 - 98 - -47?
48
(3 - (2 + 7 - -40)) + -7 + -7 + 6
-54
Calculate 96 - 86 - -62 - -14.
86
Calculate -40 + (-49 - -67) + 8.
-14
Evaluate 99 + (104 + -235 - -37).
5
What is the value of (7 - -4 - 2) + -1 + (28 - 44)?
-8
-33 - (-2 + 3) - (-5 + (-2 - 3) + 1)
-25
Evaluate (-33 - (11 - 9)) + -5 + 6.
-34
What is -223 - -95 - (-137 - 29)?
38
-491 - -480 - (-4 - (4 + (4 - 4) - -36))
33
What is the value of -32 - (-15 - 38) - (39 + -13)?
-5
-21 - (22 + -77 - -53)
-19
What is -15 - (6 - 26) - -16 - 41?
-20
Calculate -2 + -8 + 75 + (13 - (-7 + -6 + 16)).
75
Calculate (-12 - -1 - (896 + -912)) + 96.
101
What is 84 + (-65 + 118 + -43 - (2 + 27))?
65
Evaluate -141 + (-18 - -143) - (0 + 12).
-28
Calculate -48 - (32 - (8 + (-11 - 10))).
-93
What is the value of (693 - 707) + -110 + (-1 - -9)?
-116
Evaluate 47 + (-17 - (28 - 40)) + -11 + 1.
32
(-188 - -201) + (-12 - 7)
-6
-1 - (42 - 48 - -47)
-42
1 + -43 + (13167 - 13030)
95
8 + (1 + -2 - (12 - (8 + 5)))
8
What is (7 + 0 - (274 + -275)) + 7 + -24?
-9
Evaluate 5 - (-1 - 90 - (28 + 47 + -88)).
83
What is -2 + (0 - 4 - 12 - -13) + -52?
-57
What is the value of -11 + 7 - (-17 + 13 - (-90 - -12))?
-78
What is the value of (26 - (-11 - (-16 + (-4 + -3 - -16)))) + 6?
36
Evaluate (74 - 6) + (722 - 727).
63
Calculate 0 - (-3 + (-2 - 2)) - (-325 + 355) - -7.
-16
What is the value of -3 + (-3 + -8 - (54 + 25)) + 12?
-81
Calculate -20 + (-13 - -16) - -68.
51
Evaluate -11 - (-12 + (1 - -9 - -33) - (-6 + 7)).
-41
What is the value of -67 + (-38 - -41) - (15 - -24)?
-103
Evaluate (-56 - -54) + (-2 - -13) + (20 - -3).
32
-13 - -21 - ((-90 - -77) + 74 + 0)
-53
Calculate (3 - (-5 + -1) - (30 - -12)) + -6.
-39
(-3 - -2 - -3) + (-16 - 2 - (-391 - -385))
-10
What is 9 + 19 + 142 + -169?
1
(-2 - 0 - 9 - (433 - 433)) + -42
-53
Calculate -87 - (7 + 2 + -5 + 2 + -13 + 19).
-99
Calculate 33 + 96 + (40 - 43) + 1 + -7.
120
Evaluate 2510 + -2504 - ((2 - 13) + -2).
19
Calculate 2 - (49 - -2) - (-17 - 15).
-17
What is (-2 + -34 + 17 - -6) + -33?
-46
What is (-12 + (26 - 0) - 19) + (-29 - -2)?
-32
Calculate -4 + (-2 + -1 - (-11 - -18) - (-32 + -1)).
19
What is the value of (12 - 1 - (11 - (10 - (2 + 1)))) + -36?
-29
Evaluate (11 - -5) + -17 - (-8 - 0 - (21 - 24)).
4
What is the value of -2 + -39 - (-17 + -17 + 42 + -5)?
-44
What is the value of (-10 - -35 - 6) + (-9 - -9)?
19
What is the value of (-24 + 33 + 21 - 22) + 7?
15
What is the value of -82 + (76 - (18 - 79))?
55
Evaluate -105 + 60 - 32 - -188.
111
What is (-55 - -16) + -30 + 62 + 6?
-1
Evaluate 13 - (119 + -60) - 27.
-73
Calculate 34 + -4 + -67 - ((-10 - (-2 - 5)) + 10).
-44
10 - (0 - 12 - (-8 - (22 + -26)))
18
Calculate 19 + (-68 - -12 - 13).
-50
What is -106 - (-85 - 1 - -10)?
-30
-42 + 52 - (7 - (4 - 4) - -26)
-23
What is (-8 + 16 + (-5 - 22) - -2) + -45?
-62
-21 + (15 - (-16 + 25)) + -32
-47
Calculate -36 + 8 + (1404 - 1482).
-106
Calculate (-10 - (-4 + -8)) + (-5 - 1) - (-7 - 31).
34
What is the value of 5 - (44 + -31) - ((14 - 2) + 9)?
-29
-2 + 8 + (-38 - 4 - (10 + 17))
-63
What is 16 + -138 + 131 + -15 + 3 - (-60 - -1)?
56
Calculate (-2 - -3) + 1255 + -1263.
-7
Calculate -2 - -87 - (-5094 + 5112).
67
What is 79 - 38 - 1 - (13 + 3)?
24
(15 - (3 + 0 + (43 + -70 - -30))) + -49
-40
Evaluate 10 + (1 - 20) + -361 + 415.
45
What is the value of -678 + 619 - (-1 - 129)?
71
What is 191 - -25 - 220 - (1 - -23)?
-28
What is the value of ((44 - 1) + -15 - 1) + 24?
51
Evaluate (112 - 11) + -1 + -59.
41
-1 + -4 + (10 - 8) - (47 - (10 + -3))
-43
Calculate (132 - (0 + 21 - (-588 - -588))) + 5.
116
Calculate 6 + (-22 + 84 - 7) - 8.
53
(1 - -32) + (-28 - (-186 + 168 - (-1 + 0)))
22
Calculate 2 + -2 + 2 - (-13 - 0 - (-419 + 438)).
34
Calculate 125 + ((198 - 75) + -111 - (0 + 22)).
115
What is 1 + (-2 - 10 - 0) + (-234 + 187 - -88)?
30
-1 + -51 - (6600 + -6624)
-28
What is -14 + -2 + (-44 - -69) + (-1 - -2 - 55)?
-45
What is the value of -10 + (-10 - (-2 - 45)) - (4 - 8 - 7)?
38
What is (3347 - 3330) + (1 - 8) + 2 + 1?
13
Evaluate 13 + -63 + 40 + 44.
34
What is the value of -9 + -3 + 6 - (-3848 - -3781)?
61
What is the value of 56 + (-138 - -46) - (3 + (-15 - -2 - -1))?
-27
Calculate 6 + (-3 - 0) + 16 + -125 + 94.
-12
17 + -1 + -9 + (-1 - 19)
-13
Calculate 0 - 12 - -67 - 48.
7
What is the value of (-9 + 13 + (-2 - 1) - -105) + 0 + -2?
104
Calculate -10 + -36 + -1 + -2 + 2 + -3.
-50
Evaluate 40 - ((55 - 29) + 15).
-1
Evaluate (78 - 66) + 5 + (5 - 16) + -7.
-1
(-91 - (22 + 7 + -65)) + 23
-32
1 + (-16 - -2) + 28 + -7 - -13
21
Evaluate -66 + 24 + 1 - (0 - -22).
-63
Calculate (-39 + 0 - -3) + 58 + -65 + 30.
-13
What is -25 + (27 - -51) + -52?
1
(-1 - 86) + 99 + -101 + 14
-75
What is -99 + 10 + 100 - (2 - 66 - 3)?
78
What is the value of 11 - (-49 + 43 + (8 - -64))?
-55
Evaluate 10 + (-7 - 3 - ((-61 - -6) + 11 + 6)).
38
What is the value of -1417 - -1455 - (-1 + (1 + (1 - -7) - -1))?
29
What is -2 + (-36 - (2 + -7 + -2 - 3) - -9)?
-19
194 + -231 - (3 + -1 + -3 + -13) - -1
-22
Evaluate -273 - -293 - (-2 + 1 - -19).
2
(-59 - 56 - -42) + 62
-11
-108 - (5 + (-7 - (-8 + 7)) + 21 + -9)
-119
Evaluate (126 - (1 - 1)) + 335 + -347 - (14 + -22).
122
-7 + (91 - 20) + -15
49
What is the value of 43 + (-37 - (-9 + 15 + -20) - -4)?
24
Calculate -14 + (4 - -4 - (29 - 21 - 0)).
-14
What is the value of (-38 - (19 - 31)) + (3 - -55)?
32
What is (2 + 1 - -10) + (-150 - -155)?
18
Evaluate (5 - -30) + (-17 - (9 + -13)) + 2.
24
Evaluate (2 - -1) + 58 + -1 + (4 - (18 - 21)).
67
Evaluate -168 + 0 - ((46 - 14) + -26 - 25).
-149
What is 92 + -26 + 6 - -1 - 0?
73
-380 - -366 - (3 + 2 + -45)
26
18 + (4 - -17) + 5 + (5 - -20)
69
Evaluate -14 - (4 + -18) - (-7 + 3 + -1).
5
Evaluate (35 - 34) + (3 - (